ors of v/2*(-16)/(-12)?
2, 5
Let a(x) = -22*x + 18. Suppose -39 = 4*r - r. Let s be a(r). What are the prime factors of (-4)/(-22) + s/22?
2, 7
Let u(a) = -a + 20. Suppose -w + 2 = v, -v - w + 5*w + 7 = 0. Suppose -v*j + 25 = 2*x, -2*j = 3*x - 13 - 22. What are the prime factors of u(x)?
3
Let w be (-3)/(-2)*((-68)/6 - -6). Let o(h) = -h**3 - 7*h**2 + h - 1. List the prime factors of o(w).
5, 11
Suppose 4*m - 18*m = -28. Let t be 12/(-7) - (-6)/(-21). What are the prime factors of 46/m - t/(-1)?
3, 7
Suppose c = 3*c - 6. Suppose 0 = -c*k - 3*l + 18, -l + 10 + 1 = 2*k. What are the prime factors of k?
5
Let n = 348 - 510. Let t = 294 + n. What are the prime factors of t?
2, 3, 11
Let x(v) = 3*v**3 - 15*v**2 + v - 81. Let j(b) = 5*b**3 - 22*b**2 + 2*b - 122. Let s(u) = -5*j(u) + 8*x(u). What are the prime factors of s(-12)?
2, 137
Suppose 0 = q - 10 + 7. Suppose 5*w = -4*x + 24, -w - 49 = -q*x + 3*w. Suppose 0 = -3*p + 2*p + x. What are the prime factors of p?
11
Let x = -337 + 855. What are the prime factors of x?
2, 7, 37
Suppose 0 = 10*v - 4*v - 2130. List the prime factors of v.
5, 71
Let j be 406/(-28)*(4 - 0). Let i = 140 + j. What are the prime factors of i?
2, 41
Let i(y) = 21*y**2 - 3*y - 106. What are the prime factors of i(-11)?
2, 617
Let j = -30 + 159. Suppose 3*v - j = 66. List the prime factors of v.
5, 13
Suppose 2*y + 21 = -11. Let s = 58 - 152. What are the prime factors of (-4)/y*-2*s?
47
Suppose -n - 10 = -5*o, 2*o - 9 = 4*o - 3*n. Suppose -2*v - 4*k + 65 = -47, -2*k - 168 = -o*v. What are the prime factors of v?
2, 7
Let p(x) = -x + 6. Let m be p(4). Let z = -335 + 337. Suppose -z*t - m*t = -228. What are the prime factors of t?
3, 19
Suppose p + 3754 = 4*o, o - 945 = 23*p - 26*p. What are the prime factors of o?
3, 313
Let m be (27/(-36))/((-3)/16). Suppose -10*u + 552 = -m*u. What are the prime factors of u?
2, 23
Let h(g) = 60*g**2 + 2*g - 31. List the prime factors of h(4).
937
Let a be -4 - 0*(-1)/(-5). List the prime factors of (18/a)/((-1)/40).
2, 3, 5
Let q = -5990 - -9154. What are the prime factors of q?
2, 7, 113
Let t(j) = j**2 - 8*j + 3. Let s be t(8). Let x be 3/6*(3 + s). Suppose -w = -x*q - 13 - 14, 0 = -3*w - 3*q + 33. What are the prime factors of w?
3, 5
Suppose -994 = -5*o + 251. Let a = -135 + o. List the prime factors of a.
2, 3, 19
Let t(x) = -37*x - 20. Let k be t(-8). Suppose -26*r + 23*r + k = 0. Suppose -7*j + 5*j = -r. What are the prime factors of j?
2, 23
Let y = 21 + -8. Let x(s) = -s**3 + 13*s**2 + 2*s + 12. List the prime factors of x(y).
2, 19
Let x = 1106 + -640. What are the prime factors of x?
2, 233
Let r(g) = 16*g + 54. What are the prime factors of r(8)?
2, 7, 13
Suppose 12 = 3*o, 4*n + 71 + 29 = 2*o. Let x = n - -86. What are the prime factors of x?
3, 7
Let v(s) = -3*s**2 - s**2 - 5 + 3*s**2 + 23 - 2*s. Suppose 3*a + f + 2*f + 6 = 0, 5*a = -2*f - 4. What are the prime factors of v(a)?
2, 3
Suppose -f + 5*g + 875 = 0, 2545 = -23*f + 26*f + g. List the prime factors of f.
2, 5, 17
Let z(v) = v**3 - 8*v**2 - 6*v. Let r be z(9). Suppose 4*y + 5*h = 604, 5*h - 7 = -r. What are the prime factors of y?
2, 3, 13
Let k = 68 - 65. Suppose 0*x + 4*x - 872 = 3*u, -k*u - 651 = -3*x. What are the prime factors of x?
13, 17
Let v(u) = -u**2 + 3*u - 2. Let c be v(1). Suppose c = b + b - 58. What are the prime factors of b?
29
Let m(h) = -626*h - 222. What are the prime factors of m(-7)?
2, 5, 13
Suppose -3*x = -z + 228, -x + 240 = 2*z - z. What are the prime factors of z - (1/2 - 33/22)?
2, 7, 17
Let l(r) = -9*r + 192. List the prime factors of l(12).
2, 3, 7
Suppose -11*q + 2*q + 297 = 0. Let y = q + 36. List the prime factors of y.
3, 23
Suppose 3*d + 0*k = 2*k + 8, 0 = 5*k - 25. List the prime factors of 1*d - (7 + -7).
2, 3
Let r(h) = 30*h. Let d be r(6). Let x be (26 - 29) + (-16)/(-2). Suppose -x*y + d = m, -m - 193 + 3 = -5*y. List the prime factors of y.
37
Suppose n = 5*n. Suppose n = -m - 5, 10*m = b + 8*m - 195. List the prime factors of b.
5, 37
Let j(f) = -f**2 + 17*f - 17. Suppose -2*o - 2*b - 2 = 0, -2*o + 4*b - 8 = -3*o. Let s be -30*o/(2 - -6). List the prime factors of j(s).
13
Let y(o) = 4*o - 16. Let h be y(6). Let j be -6 + 1/(2/h). List the prime factors of (-4)/j*(-49)/(-14).
7
Let k be -1 - (-1 - 8/2). What are the prime factors of (7/(-3))/(1/((-192)/k))?
2, 7
Let h(b) = 84*b**3 - 5*b + 4. Let m(c) = -253*c**3 + 14*c - 11. Let k(w) = -11*h(w) - 4*m(w). What are the prime factors of k(1)?
3, 29
Let w(o) = -o**3 + 2*o**2 - o - 1. Let a be w(-2). Let f = a + -13. Let m(h) = 2*h**3 - 5*h**2 - 4*h. List the prime factors of m(f).
2
Suppose r - 3150 = -5*r. Suppose -5*f + 315 = -r. What are the prime factors of f?
2, 3, 7
Let d = 310 - 165. Let r = 284 - d. What are the prime factors of r?
139
List the prime factors of ((-1)/2)/((-1)/(2395 - -9)).
2, 601
Let q = -364 - -550. List the prime factors of q.
2, 3, 31
Let z be -6 + 8 - (3 - 1). Suppose -5 = 5*i - z*i. Let n = i - -19. List the prime factors of n.
2, 3
Suppose 3*r = 6*r - 294. Suppose 3*t + l = r, 2*t = t - 3*l + 22. List the prime factors of t.
2, 17
Let a be ((-12)/(-15))/((-1)/15). Let k = 57 + -54. What are the prime factors of k/2*(-88)/a?
11
Let z = -43 - -8. Suppose -3*p = 16 + 161. Let m = z - p. What are the prime factors of m?
2, 3
Let j(k) = -k**3 + 10*k**2 + 10*k - 22. What are the prime factors of j(8)?
2, 3, 31
Let q = -1851 - -3134. What are the prime factors of q?
1283
Let z(v) = -10*v**2 + 9*v + 201. Let q(b) = -3*b**2 + 3*b + 67. Let k(r) = 7*q(r) - 2*z(r). What are the prime factors of k(0)?
67
Let h(i) = -37 + 0*i**2 + 11*i**3 + 38 + 2*i + i**2. Let l be h(-2). Let t = l - -126. What are the prime factors of t?
3, 13
Suppose 0 = 2*g - 4*r + 2, 7*g - 7 = 4*g - 4*r. List the prime factors of (3/2 - g)*(-960)/(-16).
2, 3, 5
Let a = -171 + 265. List the prime factors of a.
2, 47
Let u = -84 + 318. Suppose -u + 18 = -6*f. List the prime factors of f.
2, 3
Let b = -17 + 138. Let z = b - 51. List the prime factors of z.
2, 5, 7
Suppose -314*v + 320*v + 186 = 0. Suppose 2*g + 10 = 0, -5*g + 0*g + 167 = 4*l. Let i = v + l. List the prime factors of i.
17
Suppose -w + 89 = 82. Suppose 1530 = 2*k + w*k. List the prime factors of k.
2, 5, 17
Suppose 0 = -9*d + 6*d + 558. List the prime factors of d.
2, 3, 31
Suppose 2*j - 3*a + 2 = 0, -3*a + 8 = a. Suppose -c = j*c - 63. What are the prime factors of c?
3, 7
Let i(s) = 149*s - 331. Let k be i(2). Let o be (6/(-7))/(2/(-28)). What are the prime factors of (k/o)/(4/(-96))?
2, 3, 11
Let a(x) = -x**2 - 5*x + 4 - 2 + 2*x. Let i be a(-3). Suppose -v = -i*v + 16. What are the prime factors of v?
2
Let c(z) = 2*z + 0*z + 59 - 3*z. Let w(u) = 3*u - 45. Let m be w(15). What are the prime factors of c(m)?
59
Suppose -135 = -5*f + 4*f. Let a = f + -2. What are the prime factors of a?
7, 19
Suppose -f - 3 = 0, 2*a + 15*f - 2293 = 20*f. What are the prime factors of a?
17, 67
Let k(w) = -w - 10 + 4*w - 3*w - 4*w. Let a be k(-5). Suppose -s + a + 20 = 0. What are the prime factors of s?
2, 3, 5
Suppose -162 = -2*y + 5*r, y - 26 = -4*r + 42. Suppose 0*n - y = 2*n. What are the prime factors of 1*(3 - (n + 2))?
3, 13
Let v be (-204)/9 + 1 + (-2)/6. Let c = 72 - v. List the prime factors of c.
2, 47
Let c be (39/12)/(1*2/(-8)). Let b(s) = -10*s - 15. What are the prime factors of b(c)?
5, 23
Let j = 23 + -23. Suppose 4*p + 2*b - 18 - 30 = 0, j = 4*p + b - 52. What are the prime factors of p?
2, 7
Let d be 108/(-8)*14*(-2)/6. Let j = d - 28. What are the prime factors of j?
5, 7
Suppose m = c - 87, 0 = -m + 6*c - c - 95. Let u = 4 - m. List the prime factors of u.
89
Let k be 10205/104 - (-1)/(-8). What are the prime factors of k - (-2 - -4 - 1)?
97
Let g = -31 + 34. Suppose g*o - 98 = o. What are the prime factors of o?
7
Suppose -3*o = -o - 5*y - 47, -4*y + 38 = 2*o. Suppose -o*q = -24*q + 228. What are the prime factors of q?
2, 19
Let z be 178/2 - (2 - 3). Suppose -p - 3*p - a = -63, a + z = 5*p. List the prime factors of p.
17
Let v(k) = -61*k - 329. What are the prime factors of v(-25)?
2, 13, 23
Let s be 7 + 1 - (1 + -1). Suppose -s*p + 4*p - 24 = 0. List the prime factors of 63/6 - (-3)/p.
2, 5
Let k(z) = z**2 - 10*z - 14. Let p be k(8). Let a be (-6)/8 - p/8. Suppose 